 242315 (base 6) to base 14.
7a87
-8fa (base 16) to base 6
-14350
1152 (base 11) to base 2
10111100101
Convert 12 (base 3) to base 9.
5
11010011 (base 2) to base 6
551
What is -1d4c (base 14) in base 8?
-12360
8cf8 (base 16) to base 11
25128
Convert 246 (base 11) to base 8.
444
Convert 1e6b (base 15) to base 3.
100002102
What is 533 (base 9) in base 5?
3220
-293b (base 14) to base 13
-342c
Convert 2201322 (base 4) to base 12.
5bb6
-4523 (base 10) to base 9
-6175
What is -4345 (base 7) in base 9?
-2114
Convert 10000221 (base 3) to base 8.
4244
1773 (base 9) to base 12
956
What is -2543 (base 14) in base 13?
-2c81
-602 (base 7) to base 3
-101222
Convert 420 (base 8) to base 10.
272
What is 9763 (base 10) in base 14?
37b5
1084 (base 9) to base 2
1100100101
-773 (base 11) to base 10
-927
What is -48a (base 12) in base 4?
-22222
3051 (base 8) to base 14
809
-926 (base 12) to base 14
-6aa
cee (base 16) to base 10
3310
What is 23004 (base 6) in base 3?
11110011
Convert 655 (base 7) to base 10.
334
What is -13120 (base 4) in base 14?
-25a
What is 2787 (base 10) in base 7?
11061
Convert -22441 (base 5) to base 14.
-83b
Convert 2431 (base 9) to base 16.
712
-100110011 (base 2) to base 8
-463
What is -10234 (base 5) in base 4?
-22312
What is -3ba (base 14) in base 10?
-752
Convert 102210221 (base 3) to base 12.
4b97
28d (base 14) to base 10
517
Convert -20a (base 12) to base 7.
-604
-126110 (base 8) to base 3
-2020111111
What is b9c (base 16) in base 9?
4062
-11332 (base 4) to base 9
-464
Convert 103 (base 16) to base 11.
216
-321432 (base 5) to base 2
-10101001110011
What is 400410 (base 6) in base 7?
160056
Convert 322110 (base 4) to base 5.
104412
-162624 (base 7) to base 4
-13313103
What is -20013300 (base 4) in base 13?
-121aa
Convert -8631 (base 12) to base 5.
-432400
What is -3466 (base 8) in base 15?
-831
16233 (base 7) to base 4
1013211
Convert -101110010111 (base 2) to base 4.
-232113
-8d36 (base 15) to base 9
-45106
What is 100000101 (base 2) in base 13?
171
What is 40441 (base 5) in base 9?
3532
What is -292a8 (base 11) in base 3?
-2010002112
What is 10111101110 (base 2) in base 7?
4266
Convert -32111 (base 4) to base 9.
-1228
Convert -616 (base 16) to base 7.
-4354
Convert 2e37 (base 16) to base 4.
2320313
What is -b40b (base 12) in base 11?
-137a4
Convert -b992 (base 15) to base 10.
-39287
What is -25162 (base 9) in base 15?
-501e
Convert -2200102 (base 3) to base 9.
-2612
495 (base 14) to base 13
555
What is -2ca (base 14) in base 5?
-4240
What is -8652 (base 12) in base 9?
-22208
1020000202 (base 3) to base 5
1232302
Convert -2011001 (base 3) to base 13.
-937
Convert -501b (base 16) to base 12.
-ba4b
-20420 (base 6) to base 3
-10202210
22230 (base 6) to base 8
6052
-151 (base 8) to base 14
-77
-2645 (base 8) to base 14
-753
What is 10139 (base 12) in base 7?
115002
Convert -1119 (base 12) to base 15.
-863
-475 (base 16) to base 12
-7b1
What is 11687 (base 10) in base 13?
5420
Convert 140123 (base 5) to base 11.
4289
What is -2123 (base 7) in base 12?
-528
What is 382a (base 11) in base 2?
1001110000001
121000122 (base 3) to base 6
130025
-223231 (base 5) to base 12
-4719
What is -62088 (base 11) in base 12?
-44524
a463 (base 11) to base 15
4193
What is 1010010 (base 2) in base 8?
122
What is -44332 (base 5) in base 15?
-db2
Convert 9973 (base 14) to base 7.
140303
-271 (base 15) to base 8
-1054
What is -af31 (base 16) in base 10?
-44849
Convert -732 (base 8) to base 14.
-25c
Convert -8690 (base 11) to base 8.
-26321
What is 129 (base 13) in base 3?
21120
Convert 5a (base 13) to base 11.
69
100164 (base 8) to base 3
1200002221
8c7 (base 15) to base 11
1547
-438 (base 11) to base 12
-379
Convert 120001 (base 3) to base 11.
33a
-341002 (base 5) to base 16
-2ee2
111110201 (base 3) to base 8
23134
-2731 (base 12) to base 4
-1012111
-2374 (base 16) to base 11
-6901
Convert 320420 (base 5) to base 4.
2213233
-54 (base 16) to base 2
-1010100
What is 10212221 (base 3) in base 13?
139c
What is -1545 (base 7) in base 2?
-1001101101
Convert -1945 (base 10) to base 6.
-13001
What is 1050 (base 8) in base 6?
2320
-7862 (base 9) to base 12
-343b
Convert -674 (base 10) to base 5.
-10144
-1110111101100101 (base 2) to base 13
-21b83
What is 7260 (base 10) in base 11?
5500
-471 (base 10) to base 15
-216
Convert 10 (base 8) to base 11.
8
-1223 (base 7) to base 8
-712
What is 2209 (base 12) in base 16?
ea9
What is 3042 (base 5) in base 16?
18d
-100210 (base 4) to base 15
-4aa
What is 293 (base 14) in base 12?
375
What is -1425 (base 8) in base 2?
-1100010101
-139 (base 11) to base 15
-ad
Convert -bcc7 (base 13) to base 16.
-66f6
What is 7301 (base 10) in base 8?
16205
-110100 (base 3) to base 14
-19b
3042 (base 5) to base 11
331
What is -9b37 (base 12) in base 14?
-6391
What is 2412321 (base 5) in base 7?
244232
-134 (base 15) to base 3
-101011
What is 42521 (base 8) in base 4?
10111101
Convert -3351 (base 16) to base 5.
-410022
Convert 21102 (base 5) to base 9.
1827
-14689 (base 11) to base 7
-114415
What is 10000001000 (base 2) in base 4?
100020
-337 (base 11) to base 3
-112221
Convert 65534 (base 7) to base 10.
16391
Convert 8042 (base 12) to base 8.
33062
What is 254 (base 11) in base 10?
301
-30142 (base 5) to base 8
-3602
What is -420 (base 7) in base 8?
-322
Convert 120220222 (base 3) to base 8.
26531
-1596 (base 11) to base 12
-1221
743 (base 8) to base 9
586
What is -44ab (base 12) in base 16?
-1dc3
Convert -28096 (base 11) to base 14.
-10839
What is -8219 (base 12) in base 16?
-3735
What is 1022001122 (base 3) in base 15?
788e
Convert -1 (base 12) to base 11.
-1
-5664 (base 9) to base 8
-10135
Convert 286 (base 16) to base 9.
787
What is -1111 (base 4) in base 14?
-61
What is 66243 (base 8) in base 13?
c874
Convert -3672 (base 8) to base 5.
-30403
What is -7d9 (base 16) in base 3?
-2202102
Convert -21998 (base 10) to base 11.
-15589
459 (base 15) to base 3
1100110
-10000011101110 (base 2) to base 13
-3ab6
What is 89 (base 15) in base 7?
243
Convert 122202 (base 3) to base 2.
111011111
-91d (base 14) to base 13
-a7a
100 (base 3) to base 12
9
What is -b0a6 (base 14) in base 11?
-20873
Convert 60302 (base 9) to base 10.
39611
-11100100000 (base 2) to base 14
-944
Convert 52610 (base 8) to base 3.
1010000222
What is -16be2 (base 15) in base 5?
-4323222
What is 413130 (base 5) in base 15?
402a
-b50 (base 12) to base 4
-121230
Convert -1020220121 (base 3) to base 13.
-b338
What is -13773 (base 8) in base 11?
-4681
What is 2052 (base 8) in base 13?
640
-1000100100010 (base 2) to base 8
-10442
-14054 (base 6) to base 8
-4222
What is 2431 (base 10) in base 13?
1150
Convert -421222 (base 5) to base 6.
-144305
1020120 (base 3) to base 16
38a
-14211 (base 7) to base 12
-22b3
75 (base 13) to base 11
88
What is 3622 (base 7) in base 6?
10111
Convert 3122313 (base 4) to base 9.
21183
-1836 (base 11) to base 6
-14454
Convert 32c (base 14) to base 11.
521
38837 (base 9) to base 2
110011001010101
Convert -15060 (base 7) to base 13.
-1b7b
Convert -6257 (base 9) to base 15.
-155d
-36557 (base 8) to base 15
-49d7
Convert 4458 (base 11) to base 10.
5871
-16233 (base 9) to base 14
-40ab
-2013 (base 13) to base 7
-15600
What is -1477 (base 15) in base 8?
-10443
Convert 20530 (base 8) to base 15.
27e1
What is 8921 (base 11) in base 8?
26760
-110011101001001 (base 2) to base 11
-18958
-1b4 (base 13) to base 14
-188
Convert -429 (base 10) to base 5.
-3204
41421 (base 5) to base 3
10202100
Convert 534 (base 8) to base 3.
110220
Convert 218 (base 10) to base 9.
262
3220 (base 5) to base 13
276
What is -acc (base 13) in base 3?
-2112211
1453 (base 8) to base 10
811
What is -32211 (base 6) in base 11?
-333a
-26ba (base 13) to base 10
-5561
-2747 (base 9) to base 14
-a7a
aa6 (base 11) to base 3
1211010
30322 (base 4) to base 14
430
What is -14241 (base 6) in base 16?
-8d1
What is -238 (base 11) in base 15?
-13d
-1416 (base 10) to base 2
-10110001000
Convert -1059a (base 14) to base 12.
-1aa64
7504 (base 9) to base 10
5512
What is -878 (base 15) in base 16?
-779
-317 (base 13) to base 5
-4102
What is -240132 (base 5) in base 15?
-2912
What is 63053 (base 9) in base 5?
2312401
-1eca (base 15) to base 13
-3097
What is 14541 (base 8) in base 2?
1100101100001
Convert -403205 (base